{"id":70,"date":"2020-02-13T12:04:09","date_gmt":"2020-02-13T11:04:09","guid":{"rendered":"http:\/\/rsmchemik.pl\/?page_id=70"},"modified":"2025-04-18T09:50:20","modified_gmt":"2025-04-18T07:50:20","slug":"regulaminy","status":"publish","type":"page","link":"https:\/\/rsmchemik.pl\/index.php\/regulaminy\/","title":{"rendered":"Regulaminy"},"content":{"rendered":"\r\n<p style=\"font-size: 26px;\"><strong>Regulaminy do pobrania<\/strong><\/p>\r\n<p><a href=\"https:\/\/rsmchemik.pl\/wp-content\/uploads\/2023\/02\/Regulamin-Rady-Nadzorczej.pdf\" target=\"_blank\" rel=\"noopener\">Regulamin Rady Nadzorczej<\/a><\/p>\r\n<p><a href=\"https:\/\/rsmchemik.pl\/wp-content\/uploads\/2023\/02\/Regulamin-Komisji-Rewizyjnej-Rady-Nadzorczej.pdf\" target=\"_blank\" rel=\"noopener\">Regulamin Komisji Rewizyjnej Rady Nadzorczej<\/a><\/p>\r\n<p><a href=\"https:\/\/rsmchemik.pl\/wp-content\/uploads\/2023\/02\/Regulamin-Komisji-GZM-Rady-Nadzorczej.pdf\" target=\"_blank\" rel=\"noopener\">Regulamin Komisji GZM Rady Nadzorczej<\/a><\/p>\r\n<p><a href=\"https:\/\/rsmchemik.pl\/wp-content\/uploads\/2023\/02\/Regulamin-Zarzadu-RSM.pdf\" target=\"_blank\" rel=\"noopener\">Regulamin Zarz\u0105du<\/a><\/p>\r\n<p><a href=\"https:\/\/rsmchemik.pl\/wp-content\/uploads\/2023\/03\/REGULAMIN_Rady-Osiedla.pdf\" target=\"_blank\" rel=\"noopener\">Regulamin Rady Osiedla<\/a><\/p>\r\n<p><a href=\"https:\/\/rsmchemik.pl\/wp-content\/uploads\/2025\/04\/Regulamin-gospodarki-zasobami-mieszkaniowymi-z-zalacznikami.pdf\" target=\"_blank\" rel=\"noopener\">Regulamin gospodarki zasobami mieszkaniowymi<\/a><\/p>\r\n<p><a href=\"https:\/\/rsmchemik.pl\/wp-content\/uploads\/2023\/02\/Regulamin-rozliczania-kosztow-dostawy-ciepla.pdf\" target=\"_blank\" rel=\"noopener\">Regulamin rozliczania koszt\u00f3w dostawy ciep\u0142a<\/a><\/p>\r\n<p><a href=\"https:\/\/rsmchemik.pl\/wp-content\/uploads\/2024\/10\/REGULAMIN-Porzadku-Domowego-RSM.pdf\" target=\"_blank\" rel=\"noopener\">Regulamin porz\u0105dku domowego<\/a><\/p>\r\n<p><a href=\"https:\/\/rsmchemik.pl\/wp-content\/uploads\/2023\/02\/Regulamin-wynajmu-lokali.pdf\" target=\"_blank\" rel=\"noopener\">Regulamin najmu lokali<\/a><\/p>\r\n<p><a href=\"https:\/\/rsmchemik.pl\/wp-content\/uploads\/2023\/02\/Regulamin-zabud.-pow.-ogolnego-uzytku.pdf\" target=\"_blank\" rel=\"noopener\">Regulamin post\u0119powania w sprawach zabudowy<\/a><\/p>\r\n<p><a href=\"https:\/\/rsmchemik.pl\/wp-content\/uploads\/2023\/02\/Regulamin-zlecania-dostaw-i-uslug-obcym-wykonawcom.pdf\" target=\"_blank\" rel=\"noopener\">Regulamin zlecania dostaw i us\u0142ug<\/a><\/p>\r\n<p><a href=\"https:\/\/rsmchemik.pl\/wp-content\/uploads\/2023\/02\/Regulamin-zasady-gospodarki-finansowej.pdf\" target=\"_blank\" rel=\"noopener\">Zasady gospodarki finansowej<\/a><\/p>\r\n\r\n<p>&nbsp;<\/p>\r\n","protected":false},"excerpt":{"rendered":"<p>Regulaminy do pobrania Regulamin Rady Nadzorczej Regulamin Komisji Rewizyjnej Rady Nadzorczej Regulamin Komisji GZM Rady Nadzorczej Regulamin Zarz\u0105du Regulamin Rady Osiedla Regulamin gospodarki zasobami mieszkaniowymi Regulamin rozliczania koszt\u00f3w dostawy ciep\u0142a Regulamin porz\u0105dku domowego Regulamin najmu lokali Regulamin post\u0119powania w sprawach zabudowy Regulamin zlecania dostaw i us\u0142ug Zasady gospodarki finansowej &nbsp;<\/p>\n","protected":false},"author":2,"featured_media":0,"parent":0,"menu_order":0,"comment_status":"closed","ping_status":"closed","template":"","meta":{"footnotes":""},"folder":[],"class_list":["post-70","page","type-page","status-publish","hentry"],"yoast_head":"<!-- This site is optimized with the Yoast SEO plugin v27.5 - https:\/\/yoast.com\/product\/yoast-seo-wordpress\/ -->\n<title>Regulaminy - RSM Chemik<\/title>\n<meta name=\"robots\" content=\"index, follow, max-snippet:-1, max-image-preview:large, max-video-preview:-1\" \/>\n<link rel=\"canonical\" href=\"https:\/\/rsmchemik.pl\/index.php\/regulaminy\/\" \/>\n<meta property=\"og:locale\" content=\"pl_PL\" \/>\n<meta property=\"og:type\" content=\"article\" \/>\n<meta property=\"og:title\" content=\"Regulaminy - RSM Chemik\" \/>\n<meta property=\"og:description\" content=\"Regulaminy do pobrania Regulamin Rady Nadzorczej Regulamin Komisji Rewizyjnej Rady Nadzorczej Regulamin Komisji GZM Rady Nadzorczej Regulamin Zarz\u0105du Regulamin Rady Osiedla Regulamin gospodarki zasobami mieszkaniowymi Regulamin rozliczania koszt\u00f3w dostawy ciep\u0142a Regulamin porz\u0105dku domowego Regulamin najmu lokali Regulamin post\u0119powania w sprawach zabudowy Regulamin zlecania dostaw i us\u0142ug Zasady gospodarki finansowej &nbsp;\" \/>\n<meta property=\"og:url\" content=\"https:\/\/rsmchemik.pl\/index.php\/regulaminy\/\" \/>\n<meta property=\"og:site_name\" content=\"RSM Chemik\" \/>\n<meta property=\"article:modified_time\" content=\"2025-04-18T07:50:20+00:00\" \/>\n<meta name=\"twitter:card\" content=\"summary_large_image\" \/>\n<meta name=\"twitter:label1\" content=\"Szacowany czas czytania\" \/>\n\t<meta name=\"twitter:data1\" content=\"1 minuta\" \/>\n<script type=\"application\/ld+json\" class=\"yoast-schema-graph\">{\"@context\":\"https:\\\/\\\/schema.org\",\"@graph\":[{\"@type\":\"WebPage\",\"@id\":\"https:\\\/\\\/rsmchemik.pl\\\/index.php\\\/regulaminy\\\/\",\"url\":\"https:\\\/\\\/rsmchemik.pl\\\/index.php\\\/regulaminy\\\/\",\"name\":\"Regulaminy - RSM Chemik\",\"isPartOf\":{\"@id\":\"https:\\\/\\\/rsmchemik.pl\\\/#website\"},\"datePublished\":\"2020-02-13T11:04:09+00:00\",\"dateModified\":\"2025-04-18T07:50:20+00:00\",\"breadcrumb\":{\"@id\":\"https:\\\/\\\/rsmchemik.pl\\\/index.php\\\/regulaminy\\\/#breadcrumb\"},\"inLanguage\":\"pl-PL\",\"potentialAction\":[{\"@type\":\"ReadAction\",\"target\":[\"https:\\\/\\\/rsmchemik.pl\\\/index.php\\\/regulaminy\\\/\"]}]},{\"@type\":\"BreadcrumbList\",\"@id\":\"https:\\\/\\\/rsmchemik.pl\\\/index.php\\\/regulaminy\\\/#breadcrumb\",\"itemListElement\":[{\"@type\":\"ListItem\",\"position\":1,\"name\":\"Strona g\u0142\u00f3wna\",\"item\":\"https:\\\/\\\/rsmchemik.pl\\\/\"},{\"@type\":\"ListItem\",\"position\":2,\"name\":\"Regulaminy\"}]},{\"@type\":\"WebSite\",\"@id\":\"https:\\\/\\\/rsmchemik.pl\\\/#website\",\"url\":\"https:\\\/\\\/rsmchemik.pl\\\/\",\"name\":\"RSM Chemik\",\"description\":\"Robotnicza Sp\u00f3\u0142dzielnia Mieszkaniowa \u201eChemik\u201d w K\u0119dzierzynie-Ko\u017alu\",\"publisher\":{\"@id\":\"https:\\\/\\\/rsmchemik.pl\\\/#organization\"},\"potentialAction\":[{\"@type\":\"SearchAction\",\"target\":{\"@type\":\"EntryPoint\",\"urlTemplate\":\"https:\\\/\\\/rsmchemik.pl\\\/?s={search_term_string}\"},\"query-input\":{\"@type\":\"PropertyValueSpecification\",\"valueRequired\":true,\"valueName\":\"search_term_string\"}}],\"inLanguage\":\"pl-PL\"},{\"@type\":\"Organization\",\"@id\":\"https:\\\/\\\/rsmchemik.pl\\\/#organization\",\"name\":\"RSM Chemik\",\"url\":\"https:\\\/\\\/rsmchemik.pl\\\/\",\"logo\":{\"@type\":\"ImageObject\",\"inLanguage\":\"pl-PL\",\"@id\":\"https:\\\/\\\/rsmchemik.pl\\\/#\\\/schema\\\/logo\\\/image\\\/\",\"url\":\"https:\\\/\\\/rsmchemik.pl\\\/wp-content\\\/uploads\\\/2020\\\/02\\\/logo.png\",\"contentUrl\":\"https:\\\/\\\/rsmchemik.pl\\\/wp-content\\\/uploads\\\/2020\\\/02\\\/logo.png\",\"width\":500,\"height\":653,\"caption\":\"RSM Chemik\"},\"image\":{\"@id\":\"https:\\\/\\\/rsmchemik.pl\\\/#\\\/schema\\\/logo\\\/image\\\/\"}}]}<\/script>\n<!-- \/ Yoast SEO plugin. -->","yoast_head_json":{"title":"Regulaminy - RSM Chemik","robots":{"index":"index","follow":"follow","max-snippet":"max-snippet:-1","max-image-preview":"max-image-preview:large","max-video-preview":"max-video-preview:-1"},"canonical":"https:\/\/rsmchemik.pl\/index.php\/regulaminy\/","og_locale":"pl_PL","og_type":"article","og_title":"Regulaminy - RSM Chemik","og_description":"Regulaminy do pobrania Regulamin Rady Nadzorczej Regulamin Komisji Rewizyjnej Rady Nadzorczej Regulamin Komisji GZM Rady Nadzorczej Regulamin Zarz\u0105du Regulamin Rady Osiedla Regulamin gospodarki zasobami mieszkaniowymi Regulamin rozliczania koszt\u00f3w dostawy ciep\u0142a Regulamin porz\u0105dku domowego Regulamin najmu lokali Regulamin post\u0119powania w sprawach zabudowy Regulamin zlecania dostaw i us\u0142ug Zasady gospodarki finansowej &nbsp;","og_url":"https:\/\/rsmchemik.pl\/index.php\/regulaminy\/","og_site_name":"RSM Chemik","article_modified_time":"2025-04-18T07:50:20+00:00","twitter_card":"summary_large_image","twitter_misc":{"Szacowany czas czytania":"1 minuta"},"schema":{"@context":"https:\/\/schema.org","@graph":[{"@type":"WebPage","@id":"https:\/\/rsmchemik.pl\/index.php\/regulaminy\/","url":"https:\/\/rsmchemik.pl\/index.php\/regulaminy\/","name":"Regulaminy - RSM Chemik","isPartOf":{"@id":"https:\/\/rsmchemik.pl\/#website"},"datePublished":"2020-02-13T11:04:09+00:00","dateModified":"2025-04-18T07:50:20+00:00","breadcrumb":{"@id":"https:\/\/rsmchemik.pl\/index.php\/regulaminy\/#breadcrumb"},"inLanguage":"pl-PL","potentialAction":[{"@type":"ReadAction","target":["https:\/\/rsmchemik.pl\/index.php\/regulaminy\/"]}]},{"@type":"BreadcrumbList","@id":"https:\/\/rsmchemik.pl\/index.php\/regulaminy\/#breadcrumb","itemListElement":[{"@type":"ListItem","position":1,"name":"Strona g\u0142\u00f3wna","item":"https:\/\/rsmchemik.pl\/"},{"@type":"ListItem","position":2,"name":"Regulaminy"}]},{"@type":"WebSite","@id":"https:\/\/rsmchemik.pl\/#website","url":"https:\/\/rsmchemik.pl\/","name":"RSM Chemik","description":"Robotnicza Sp\u00f3\u0142dzielnia Mieszkaniowa \u201eChemik\u201d w K\u0119dzierzynie-Ko\u017alu","publisher":{"@id":"https:\/\/rsmchemik.pl\/#organization"},"potentialAction":[{"@type":"SearchAction","target":{"@type":"EntryPoint","urlTemplate":"https:\/\/rsmchemik.pl\/?s={search_term_string}"},"query-input":{"@type":"PropertyValueSpecification","valueRequired":true,"valueName":"search_term_string"}}],"inLanguage":"pl-PL"},{"@type":"Organization","@id":"https:\/\/rsmchemik.pl\/#organization","name":"RSM Chemik","url":"https:\/\/rsmchemik.pl\/","logo":{"@type":"ImageObject","inLanguage":"pl-PL","@id":"https:\/\/rsmchemik.pl\/#\/schema\/logo\/image\/","url":"https:\/\/rsmchemik.pl\/wp-content\/uploads\/2020\/02\/logo.png","contentUrl":"https:\/\/rsmchemik.pl\/wp-content\/uploads\/2020\/02\/logo.png","width":500,"height":653,"caption":"RSM Chemik"},"image":{"@id":"https:\/\/rsmchemik.pl\/#\/schema\/logo\/image\/"}}]}},"_links":{"self":[{"href":"https:\/\/rsmchemik.pl\/index.php\/wp-json\/wp\/v2\/pages\/70","targetHints":{"allow":["GET"]}}],"collection":[{"href":"https:\/\/rsmchemik.pl\/index.php\/wp-json\/wp\/v2\/pages"}],"about":[{"href":"https:\/\/rsmchemik.pl\/index.php\/wp-json\/wp\/v2\/types\/page"}],"author":[{"embeddable":true,"href":"https:\/\/rsmchemik.pl\/index.php\/wp-json\/wp\/v2\/users\/2"}],"replies":[{"embeddable":true,"href":"https:\/\/rsmchemik.pl\/index.php\/wp-json\/wp\/v2\/comments?post=70"}],"version-history":[{"count":63,"href":"https:\/\/rsmchemik.pl\/index.php\/wp-json\/wp\/v2\/pages\/70\/revisions"}],"predecessor-version":[{"id":4013,"href":"https:\/\/rsmchemik.pl\/index.php\/wp-json\/wp\/v2\/pages\/70\/revisions\/4013"}],"wp:attachment":[{"href":"https:\/\/rsmchemik.pl\/index.php\/wp-json\/wp\/v2\/media?parent=70"}],"wp:term":[{"taxonomy":"folder","embeddable":true,"href":"https:\/\/rsmchemik.pl\/index.php\/wp-json\/wp\/v2\/folder?post=70"}],"curies":[{"name":"wp","href":"https:\/\/api.w.org\/{rel}","templated":true}]}}